hen 466048 is divided by 6384.
16
What is the remainder when 7640437 is divided by 736?
21
Calculate the remainder when 22192943 is divided by 3886.
3883
Calculate the remainder when 208137 is divided by 17344.
9
Calculate the remainder when 5068151 is divided by 1127.
32
What is the remainder when 40332863 is divided by 13444285?
8
What is the remainder when 17581231 is divided by 881?
876
Calculate the remainder when 925448 is divided by 462132.
1184
Calculate the remainder when 70530 is divided by 34494.
1542
What is the remainder when 64962074 is divided by 369?
362
Calculate the remainder when 41313 is divided by 60.
33
Calculate the remainder when 2250886 is divided by 68.
18
Calculate the remainder when 8469645 is divided by 792.
789
Calculate the remainder when 36758279 is divided by 28.
19
Calculate the remainder when 1085365 is divided by 361184.
1813
What is the remainder when 9162015 is divided by 29?
16
What is the remainder when 251902030 is divided by 77?
72
Calculate the remainder when 58240972 is divided by 11648193.
7
Calculate the remainder when 135462 is divided by 1592.
142
What is the remainder when 2987404 is divided by 1424?
1276
What is the remainder when 940812 is divided by 134379?
159
Calculate the remainder when 2107994 is divided by 147.
14
What is the remainder when 5520901 is divided by 656?
5
Calculate the remainder when 4391281 is divided by 57027.
202
What is the remainder when 2786074 is divided by 232155?
214
Calculate the remainder when 510249 is divided by 63.
12
Calculate the remainder when 1761064 is divided by 3.
1
What is the remainder when 92324 is divided by 23046?
140
What is the remainder when 1773443 is divided by 73893?
11
Calculate the remainder when 540947 is divided by 2426.
2375
What is the remainder when 79507704 is divided by 1804?
12
What is the remainder when 547138 is divided by 78161?
11
Calculate the remainder when 12630050 is divided by 491.
57
Calculate the remainder when 979551 is divided by 788.
67
Calculate the remainder when 66381 is divided by 5227.
3657
Calculate the remainder when 1684966 is divided by 53.
43
What is the remainder when 4622610 is divided by 337?
318
What is the remainder when 285630 is divided by 93986?
3672
Calculate the remainder when 2244593840 is divided by 31.
28
What is the remainder when 205665 is divided by 1209?
135
Calculate the remainder when 606365 is divided by 75.
65
Calculate the remainder when 262124 is divided by 129.
125
What is the remainder when 1228721 is divided by 672?
305
What is the remainder when 1512523 is divided by 1003?
1002
What is the remainder when 659637 is divided by 219862?
51
Calculate the remainder when 758699420 is divided by 87.
86
What is the remainder when 59423 is divided by 494?
143
What is the remainder when 111975470 is divided by 65?
35
What is the remainder when 2111562 is divided by 422296?
82
What is the remainder when 4695923 is divided by 3?
2
Calculate the remainder when 1372102 is divided by 457366.
4
What is the remainder when 314251650 is divided by 14?
6
Calculate the remainder when 8214925 is divided by 3456.
13
What is the remainder when 167872 is divided by 1951?
86
Calculate the remainder when 1933613 is divided by 87891.
11
What is the remainder when 96004 is divided by 1431?
127
Calculate the remainder when 61013 is divided by 252.
29
Calculate the remainder when 19538 is divided by 3871.
183
Calculate the remainder when 27590218 is divided by 85.
68
What is the remainder when 265667 is divided by 370?
7
Calculate the remainder when 4212244 is divided by 240.
4
Calculate the remainder when 174074229 is divided by 23.
17
What is the remainder when 1138900 is divided by 3410?
3370
What is the remainder when 4228250 is divided by 93?
5
Calculate the remainder when 489393 is divided by 97860.
93
Calculate the remainder when 30800 is divided by 1411.
1169
Calculate the remainder when 1309975 is divided by 163745.
15
Calculate the remainder when 11530641 is divided by 547.
428
What is the remainder when 458821 is divided by 1583?
1334
Calculate the remainder when 1616927 is divided by 2343.
257
Calculate the remainder when 19495 is divided by 3868.
155
Calculate the remainder when 10761376 is divided by 87.
85
Calculate the remainder when 456437 is divided by 151763.
1148
What is the remainder when 31031 is divided by 1091?
483
What is the remainder when 19113189 is divided by 4778293?
17
What is the remainder when 7466983 is divided by 24?
7
Calculate the remainder when 84712750 is divided by 3.
1
What is the remainder when 2968 is divided by 463?
190
What is the remainder when 4099655 is divided by 257?
248
What is the remainder when 50400374 is divided by 2400014?
80
Calculate the remainder when 3787451 is divided by 4477.
4386
Calculate the remainder when 6894903 is divided by 39174.
279
What is the remainder when 9136837 is divided by 175708?
21
What is the remainder when 44887173 is divided by 109?
101
Calculate the remainder when 22781962 is divided by 8119.
48
Calculate the remainder when 1361152 is divided by 220.
12
What is the remainder when 385810 is divided by 7355?
3350
What is the remainder when 87823043 is divided by 36?
35
What is the remainder when 2196155 is divided by 54?
29
What is the remainder when 311238290 is divided by 899?
894
Calculate the remainder when 417718 is divided by 9282.
28
What is the remainder when 20400 is divided by 6718?
246
What is the remainder when 34674216 is divided by 167?
6
Calculate the remainder when 7755294 is divided by 132.
30
Calculate the remainder when 85161 is divided by 2247.
2022
What is the remainder when 2085812 is divided by 417153?
47
Calculate the remainder when 15950 is divided by 7458.
1034
Calculate the remainder when 6462 is divided by 6419.
43
What is the remainder when 5303812 is divided by 11786?
112
Calculate the remainder when 218329 is divided by 108557.
1215
What is the remainder when 5121846 is divided by 1101?
1095
What is the remainder when 84083235 is divided by 33?
27
Calculate the remainder when 6591448 is divided by 6137.
310
What is the remainder when 17130 is divided by 4000?
1130
Calculate the remainder when 1020566 is divided by 1020495.
71
What is the remainder when 1374073 is divided by 71?
10
Calculate the remainder when 29905 is divided by 10.
5
Calculate the remainder when 34120632 is divided by 1.
0
What is the remainder when 2555920 is divided by 17748?
208
What is the remainder when 50534248 is divided by 975?
973
Calculate the remainder when 134124534 is divided by 1071.
1062
Calculate the remainder when 1690594 is divided by 1690589.
5
Calculate the remainder when 184928 is divided by 351.
302
What is the remainder when 86597 is divided by 12329?
294
What is the remainder when 587163 is divided by 678?
15
What is the remainder when 19824 is divided by 1638?
168
What is the remainder when 5893643 is divided by 1473372?
155
What is the remainder when 15494131 is divided by 1024?
1011
Calculate the remainder when 533338 is divided by 1990.
18
What is the remainder when 16263786 is divided by 277?
8
Calculate the remainder when 1034682 is divided by 12.
6
Calculate the remainder when 1120979 is divided by 620.
19
What is the remainder when 45444551 is divided by 5?
1
Calculate the remainder when 31686605 is divided by 54.
53
Calculate the remainder when 182783368 is divided by 2362.
2360
What is the remainder when 669767 is divided by 16354?
15607
What is the remainder when 27037 is divided by 1289?
1257
Calculate the remainder when 4293793 is divided by 142.
139
What is the remainder when 8704083 is divided by 12488?
12435
What is the remainder when 75724 is divided by 70670?
5054
What is the remainder when 175206 is divided by 1500?
1206
What is the remainder when 23637030 is divided by 121?
43
What is the remainder when 634926 is divided by 1443?
6
What is the remainder when 62392 is divided by 4974?
2704
What is the remainder when 438949 is divided by 663?
43
Calculate the remainder when 2748155 is divided by 152667.
149
What is the remainder when 314852 is divided by 158?
116
Calculate the remainder when 182327 is divided by 5465.
1982
Calculate the remainder when 40074 is divided by 1909.
1894
What i